{"id":19,"date":"2012-09-11T10:08:12","date_gmt":"2012-09-11T10:08:12","guid":{"rendered":"https:\/\/www.recirk.se\/index.php\/voc-koncentratorer\/"},"modified":"2023-11-02T09:19:57","modified_gmt":"2023-11-02T09:19:57","slug":"voc-koncentratorer","status":"publish","type":"page","link":"https:\/\/www.recirk.se\/index.php\/voc-koncentratorer\/","title":{"rendered":"VOC &#8211; koncentratorer"},"content":{"rendered":"\t\t<div data-elementor-type=\"wp-page\" data-elementor-id=\"19\" class=\"elementor elementor-19\" data-elementor-post-type=\"page\">\n\t\t\t\t<div class=\"elementor-element elementor-element-d6e49f7 e-flex e-con-boxed e-con e-parent\" data-id=\"d6e49f7\" data-element_type=\"container\" data-e-type=\"container\">\n\t\t\t\t\t<div class=\"e-con-inner\">\n\t\t<div class=\"elementor-element elementor-element-a72d0ef e-con-full e-flex e-con e-child\" data-id=\"a72d0ef\" data-element_type=\"container\" data-e-type=\"container\">\n\t\t\t\t<div class=\"elementor-element elementor-element-747d362 elementor-widget elementor-widget-image\" data-id=\"747d362\" data-element_type=\"widget\" data-e-type=\"widget\" data-widget_type=\"image.default\">\n\t\t\t\t<div class=\"elementor-widget-container\">\n\t\t\t\t\t\t\t\t\t\t\t\t\t\t\t<img decoding=\"async\" src=\"https:\/\/www.recirk.se\/wp-content\/uploads\/elementor\/thumbs\/rotorschema-qeru5386ru91m2xdmy0fx9r2dh21vxffag6bbhs740.jpg\" title=\"Rotorschema\" alt=\"Rotorschema\" loading=\"lazy\" \/>\t\t\t\t\t\t\t\t\t\t\t\t\t\t\t<\/div>\n\t\t\t\t<\/div>\n\t\t\t\t<\/div>\n\t\t<div class=\"elementor-element elementor-element-72df840 e-con-full e-flex e-con e-child\" data-id=\"72df840\" data-element_type=\"container\" data-e-type=\"container\">\n\t\t\t\t<div class=\"elementor-element elementor-element-690e892 elementor-widget elementor-widget-image\" data-id=\"690e892\" data-element_type=\"widget\" data-e-type=\"widget\" data-widget_type=\"image.default\">\n\t\t\t\t<div class=\"elementor-widget-container\">\n\t\t\t\t\t\t\t\t\t\t\t\t\t\t\t<img decoding=\"async\" src=\"https:\/\/www.recirk.se\/wp-content\/uploads\/elementor\/thumbs\/rotormaterial-qeru5386ru91m2xdmy0fx9r2dh21vxffag6bbhs740.jpg\" title=\"Rotormaterial\" alt=\"Rotormaterial\" loading=\"lazy\" \/>\t\t\t\t\t\t\t\t\t\t\t\t\t\t\t<\/div>\n\t\t\t\t<\/div>\n\t\t\t\t<\/div>\n\t\t\t\t\t<\/div>\n\t\t\t\t<\/div>\n\t\t<div class=\"elementor-element elementor-element-54803bad e-flex e-con-boxed e-con e-parent\" data-id=\"54803bad\" data-element_type=\"container\" data-e-type=\"container\">\n\t\t\t\t\t<div class=\"e-con-inner\">\n\t\t\t\t<div class=\"elementor-element elementor-element-1a88a0a9 elementor-widget elementor-widget-text-editor\" data-id=\"1a88a0a9\" data-element_type=\"widget\" data-e-type=\"widget\" data-widget_type=\"text-editor.default\">\n\t\t\t\t<div class=\"elementor-widget-container\">\n\t\t\t\t\t\t\t\t\t<p class=\"p2\" align=\"left\">Rening och destruktion av utsl\u00e4pp best\u00e5ende av t.ex. l\u00f6sningsmedel (VOC) till luft sker ofta genom f\u00f6rbr\u00e4nning (oxidation) d\u00e4r omvandling huvudsakligen sker till CO2 och H2O. Detta sker vid en temperatur av ca: 300oC vid katalytisk eller 850oC vid termisk f\u00f6rbr\u00e4nning. F\u00f6r att minska energibehovet g\u00e5r det att i denna typ av utrustning koncentrera upp halten VOC i den luft som skall f\u00f6rbr\u00e4nnas till en mindre str\u00f6m varvid energibehovet kraftigt minskar och processen i vissa fall kan g\u00e5 autotermt (utan st\u00f6denergi).<\/p><h4>F\u00f6rdelar<\/h4><ul style=\"font-style: normal; margin-top: 0cm;\"><li><div class=\"p2\">L\u00e5ga tryckfall<\/div><\/li><li><div class=\"p2\">Relativt l\u00e5g k\u00e4nslighet f\u00f6r partikelf\u00f6rorenad luft<\/div><\/li><li><div class=\"p2\">L\u00e4tt utrustning som kan placeras p\u00e5 tak<\/div><\/li><\/ul><h4>Exempel p\u00e5 till\u00e4mpningarpplications<\/h4><ul class=\"p2\" style=\"margin-top: 0cm;\"><li><div>Process-\u00a0och ventilationsluft fr\u00e5n m\u00e5lerier i verkstads- , plast- och tr\u00e4industrier<\/div><\/li><li><div>Olika typer av processluft fr\u00e5n processindustrier\u00a0<\/div><\/li><li><div>Tryckprocesser och ventialtionsluft i tryckeriindustrier<\/div><\/li><\/ul>\t\t\t\t\t\t\t\t<\/div>\n\t\t\t\t<\/div>\n\t\t\t\t<div class=\"elementor-element elementor-element-94b426d elementor-widget elementor-widget-spacer\" data-id=\"94b426d\" data-element_type=\"widget\" data-e-type=\"widget\" data-widget_type=\"spacer.default\">\n\t\t\t\t<div class=\"elementor-widget-container\">\n\t\t\t\t\t\t\t<div class=\"elementor-spacer\">\n\t\t\t<div class=\"elementor-spacer-inner\"><\/div>\n\t\t<\/div>\n\t\t\t\t\t\t<\/div>\n\t\t\t\t<\/div>\n\t\t\t\t\t<\/div>\n\t\t\t\t<\/div>\n\t\t\t\t<\/div>\n\t\t","protected":false},"excerpt":{"rendered":"<p>Rening och destruktion av utsl\u00e4pp best\u00e5ende av t.ex. l\u00f6sningsmedel (VOC) till luft sker ofta genom f\u00f6rbr\u00e4nning (oxidation) d\u00e4r omvandling huvudsakligen sker till CO2 och H2O. Detta sker vid en temperatur av ca: 300oC vid katalytisk eller 850oC vid termisk f\u00f6rbr\u00e4nning. F\u00f6r att minska energibehovet g\u00e5r det att i denna typ av utrustning koncentrera upp halten [&hellip;]<\/p>\n","protected":false},"author":1,"featured_media":17,"parent":0,"menu_order":28,"comment_status":"closed","ping_status":"closed","template":"","meta":{"footnotes":""},"class_list":["post-19","page","type-page","status-publish","has-post-thumbnail","hentry"],"_links":{"self":[{"href":"https:\/\/www.recirk.se\/index.php\/wp-json\/wp\/v2\/pages\/19","targetHints":{"allow":["GET"]}}],"collection":[{"href":"https:\/\/www.recirk.se\/index.php\/wp-json\/wp\/v2\/pages"}],"about":[{"href":"https:\/\/www.recirk.se\/index.php\/wp-json\/wp\/v2\/types\/page"}],"author":[{"embeddable":true,"href":"https:\/\/www.recirk.se\/index.php\/wp-json\/wp\/v2\/users\/1"}],"replies":[{"embeddable":true,"href":"https:\/\/www.recirk.se\/index.php\/wp-json\/wp\/v2\/comments?post=19"}],"version-history":[{"count":6,"href":"https:\/\/www.recirk.se\/index.php\/wp-json\/wp\/v2\/pages\/19\/revisions"}],"predecessor-version":[{"id":190,"href":"https:\/\/www.recirk.se\/index.php\/wp-json\/wp\/v2\/pages\/19\/revisions\/190"}],"wp:featuredmedia":[{"embeddable":true,"href":"https:\/\/www.recirk.se\/index.php\/wp-json\/wp\/v2\/media\/17"}],"wp:attachment":[{"href":"https:\/\/www.recirk.se\/index.php\/wp-json\/wp\/v2\/media?parent=19"}],"curies":[{"name":"wp","href":"https:\/\/api.w.org\/{rel}","templated":true}]}}