{"id":20,"date":"2012-09-11T10:12:17","date_gmt":"2012-09-11T10:12:17","guid":{"rendered":"https:\/\/www.recirk.se\/index.php\/systemlosningar\/"},"modified":"2023-11-02T08:45:46","modified_gmt":"2023-11-02T08:45:46","slug":"systemlosningar","status":"publish","type":"page","link":"https:\/\/www.recirk.se\/index.php\/systemlosningar\/","title":{"rendered":"Systeml\u00f6sningar"},"content":{"rendered":"\t\t<div data-elementor-type=\"wp-page\" data-elementor-id=\"20\" class=\"elementor elementor-20\" data-elementor-post-type=\"page\">\n\t\t\t\t<div class=\"elementor-element elementor-element-31a2ce58 e-flex e-con-boxed e-con e-parent\" data-id=\"31a2ce58\" data-element_type=\"container\" data-e-type=\"container\">\n\t\t\t\t\t<div class=\"e-con-inner\">\n\t\t\t\t<div class=\"elementor-element elementor-element-af20ff8 elementor-widget elementor-widget-text-editor\" data-id=\"af20ff8\" data-element_type=\"widget\" data-e-type=\"widget\" data-widget_type=\"text-editor.default\">\n\t\t\t\t<div class=\"elementor-widget-container\">\n\t\t\t\t\t\t\t\t\t<ul><li>System f\u00f6r \u00e5tervinning och kondensering av<br \/>freoner (fluorkolv\u00e4ten) ur processluft<\/li><li>Reningssystem f\u00f6r sanering av<br \/>mark och grundvatten fr\u00e5n flyktiga \u00e4mnen (VOC)<\/li><li>Reningssystem f\u00f6r<br \/>bensinhaltigt b\u00e4ddvatten vid bergrumslagring<\/li><li>System f\u00f6r rening av<br \/>f\u00f6rorenat grundvatten i st\u00f6rre industriomr\u00e5de f\u00f6rorenat av klorerade kolv\u00e4ten<\/li><\/ul>\t\t\t\t\t\t\t\t<\/div>\n\t\t\t\t<\/div>\n\t\t\t\t<div class=\"elementor-element elementor-element-8612d23 elementor-widget elementor-widget-spacer\" data-id=\"8612d23\" data-element_type=\"widget\" data-e-type=\"widget\" data-widget_type=\"spacer.default\">\n\t\t\t\t<div class=\"elementor-widget-container\">\n\t\t\t\t\t\t\t<div class=\"elementor-spacer\">\n\t\t\t<div class=\"elementor-spacer-inner\"><\/div>\n\t\t<\/div>\n\t\t\t\t\t\t<\/div>\n\t\t\t\t<\/div>\n\t\t\t\t\t<\/div>\n\t\t\t\t<\/div>\n\t\t\t\t<\/div>\n\t\t","protected":false},"excerpt":{"rendered":"<p>System f\u00f6r \u00e5tervinning och kondensering avfreoner (fluorkolv\u00e4ten) ur processluft Reningssystem f\u00f6r sanering avmark och grundvatten fr\u00e5n flyktiga \u00e4mnen (VOC) Reningssystem f\u00f6rbensinhaltigt b\u00e4ddvatten vid bergrumslagring System f\u00f6r rening avf\u00f6rorenat grundvatten i st\u00f6rre industriomr\u00e5de f\u00f6rorenat av klorerade kolv\u00e4ten<\/p>\n","protected":false},"author":1,"featured_media":0,"parent":0,"menu_order":27,"comment_status":"closed","ping_status":"closed","template":"","meta":{"footnotes":""},"class_list":["post-20","page","type-page","status-publish","hentry"],"_links":{"self":[{"href":"https:\/\/www.recirk.se\/index.php\/wp-json\/wp\/v2\/pages\/20","targetHints":{"allow":["GET"]}}],"collection":[{"href":"https:\/\/www.recirk.se\/index.php\/wp-json\/wp\/v2\/pages"}],"about":[{"href":"https:\/\/www.recirk.se\/index.php\/wp-json\/wp\/v2\/types\/page"}],"author":[{"embeddable":true,"href":"https:\/\/www.recirk.se\/index.php\/wp-json\/wp\/v2\/users\/1"}],"replies":[{"embeddable":true,"href":"https:\/\/www.recirk.se\/index.php\/wp-json\/wp\/v2\/comments?post=20"}],"version-history":[{"count":3,"href":"https:\/\/www.recirk.se\/index.php\/wp-json\/wp\/v2\/pages\/20\/revisions"}],"predecessor-version":[{"id":145,"href":"https:\/\/www.recirk.se\/index.php\/wp-json\/wp\/v2\/pages\/20\/revisions\/145"}],"wp:attachment":[{"href":"https:\/\/www.recirk.se\/index.php\/wp-json\/wp\/v2\/media?parent=20"}],"curies":[{"name":"wp","href":"https:\/\/api.w.org\/{rel}","templated":true}]}}